pose u*b - 48 = 7*b. Suppose 0 = -t - b + 26. What is the greatest common divisor of 140 and t?
20
Suppose -3*p - 454 + 481 = 0. Let q(a) = 6*a + 18. Let t be q(6). Calculate the highest common divisor of t and p.
9
Suppose 19 = 2*q + 5*w - 4, -q - 11 = -5*w. What is the greatest common divisor of q and 3124?
4
Suppose 1440 = 198*f - 182*f. Calculate the highest common divisor of 2670 and f.
30
Let b be 2/((-8)/6)*(-16)/6. Let m = 23 - 5. Let o be (m/b)/((-9)/(-12)). Calculate the highest common factor of o and 3.
3
Suppose 3*n = -a - 3*a + 130, n = 3*a + 39. Let b be 4/(-12) - (-110)/6. Calculate the greatest common factor of n and b.
6
Let d be 124/12 + (6/3)/(-6). Suppose 22 = d*k - 88. Suppose -k*z = -15*z + 48. Calculate the highest common divisor of z and 192.
12
Suppose 4*q + 16 = -2*h, 5*h + 5 = q - 4*q. Let w be (3/q)/((-30)/100). What is the greatest common divisor of 50 and w?
2
Let o(c) = 2*c + 8. Suppose 0*n - 4*n + 32 = 0. Let b be o(n). Suppose -5*s = 25, 0 = 3*z - 7*z - 4*s + 220. What is the highest common divisor of z and b?
12
Let o be 1/(2 + (-85)/40). Let c = o + 17. Let y(a) = -19*a - 2. Let b be y(-2). What is the highest common divisor of b and c?
9
Suppose 6*c - 1 + 7 = 0. Let n be c*12/(-8)*36. Let z(x) = -x**3 + 5*x**2 + 2*x + 12. Let r be z(3). What is the highest common divisor of n and r?
18
Let a(s) = 2*s**3 - 23*s**2 - 13*s + 16. Let g be a(12). Suppose 2*j - 12 = g*j - 4*l, 0 = -3*j + 3*l - 3. What is the greatest common divisor of 3 and j?
1
Suppose 0 = y + 3*y - g - 623, -4*g - 620 = -4*y. Let p = y - 145. Calculate the highest common factor of p and 121.
11
Let s be 4*40/(-64)*-104 + (6 - 0). What is the highest common divisor of 931 and s?
133
Let j(g) = -6*g**2 + 59*g - 3. Let m be j(9). Suppose 15*v + 1620 = m*v. Calculate the greatest common divisor of 540 and v.
60
Suppose 2*m + 343 = 2*t - 175, -250 = -t + 4*m. Let h = 4 + t. Calculate the greatest common divisor of h and 38.
38
Suppose t - 1660 = -2*g, 2*t - 4*t - 4168 = -5*g. Calculate the greatest common divisor of 572 and g.
52
Suppose 1980 = 77235*r - 77191*r. Calculate the greatest common divisor of 4923 and r.
9
Suppose -8*d + 2*g + 56 = -5*d, g = d - 20. Suppose -3*a = 4*n - 698, -115 = 2*n + 4*a - 459. What is the greatest common factor of n and d?
16
Let i(v) = 4*v**2 + 54*v - 502. Let n be i(11). Calculate the greatest common divisor of n and 320.
64
Suppose 0 = 2*w - 2*t - 30, 6*w - 3*t = 11*w - 35. Suppose -1002 - 208 = -5*k. Suppose 0 = 3*m - w - k. What is the highest common factor of m and 12?
12
Suppose 2085 = 4*z + 85. Suppose z = c + 5*q, q = -0*c + 4*c - 2000. Suppose -15*m + 11*m + c = 0. What is the highest common factor of m and 50?
25
Suppose -36*p - 6660 = -16*p. Let r = -312 - p. Calculate the highest common factor of r and 21.
21
Let f be (4/6)/(30/225). Let t = 58 - 28. Let s = t + -10. Calculate the greatest common factor of s and f.
5
Suppose 5*n + t = -136 + 763, -5*t - 519 = -4*n. Let s = n + -97. What is the highest common factor of 116 and s?
29
Suppose -332 = -2*h - 5*t + 3465, -h = -5*t - 1936. Calculate the greatest common divisor of 1365 and h.
273
Let g be 1970/2 - ((-15)/45)/((-4)/(-36)). What is the highest common divisor of 286 and g?
26
Let q be (3 - 54/15)/(-1*(-4)/(-20)). Calculate the highest common factor of 27 and q.
3
Let i be ((-8)/(-6)*6/(-4))/((-199)/75620). What is the highest common divisor of 665 and i?
95
Let k be (12/3 - (486 - -2))*(-161)/92. What is the greatest common factor of k and 693?
77
Let g(c) = c**3 + 54*c**2 - 43*c + 681. Let z be g(-55). Suppose -5*j + 244 = 7*s - 3*s, -2*j + 176 = 3*s. What is the highest common factor of z and s?
7
Let k be 0 + -2 + (8 - -189). Let d = 152 + -145. Suppose -d*s = -78 - k. Calculate the greatest common divisor of 26 and s.
13
Let w(u) = 36*u - 35 + 30 - 2*u**2 - 41 - 43. Let n be w(12). What is the highest common factor of 20 and n?
5
Suppose 2*p = 16*s - 18*s + 4286, -4304 = -2*s + 4*p. What is the greatest common factor of s and 58?
58
Let b be (28/(12/3))/(5/(-1000)*-5). Calculate the highest common divisor of 210 and b.
70
Suppose -2*d + 308 = 20. Suppose 4*s + d - 404 = 0. Suppose -41*v + 635 + 1042 = 2*v. Calculate the greatest common factor of v and s.
13
Let j = 75 - 64. Let f be 56/(-70)*-25*(j + 0). What is the highest common divisor of f and 20?
20
Suppose 3*o - 4*h - 16 = 0, 4*h - 4 + 20 = 0. Suppose 2*q + 4*b - 748 = o, -5*q + 2433 = -3*b + 524. What is the greatest common divisor of q and 20?
20
Let q be -2 + 157 + 1 + 2 + -9 + 4. Calculate the greatest common factor of q and 171.
9
Let a = -145 - -147. Suppose -10*i + a*i = -624. What is the highest common factor of i and 12?
6
Let c = 26032 + -25690. What is the greatest common divisor of c and 3933?
171
Suppose 0 = -6*c + 71 + 67 + 48. Let k = -4 - -7. Suppose c = -k*y + 4*y. What is the highest common divisor of y and 279?
31
Suppose 71*a - 26832 = -201*a - 72*a. Calculate the greatest common factor of 7566 and a.
78
Suppose -482*o + 484*o = 594. What is the highest common factor of 5247 and o?
99
Let i(t) = t**3 - 49*t**2 - 681*t + 36. Let x be i(-11). What is the greatest common divisor of 57 and x?
3
Let r(h) = 6*h**2 - 439*h - 85. Let s be r(92). Calculate the greatest common factor of 21 and s.
21
Let b = 820 - 484. Suppose 2*k + 4*s - b = 0, -2*k + 117 = -4*s - 243. Calculate the highest common factor of k and 6.
6
Let i be (-390)/(406/(-28) + 14). What is the greatest common factor of i and 300?
60
Suppose 15156*s + 8832 = 15172*s. What is the greatest common factor of 54 and s?
6
Let s = -17881 + 18916. Calculate the greatest common divisor of 1 and s.
1
Let m be (-134 - 4) + 3 + 5. Let j = m + 178. Let b be 5/(25/(-3))*-10. Calculate the greatest common divisor of b and j.
6
Suppose -4*x - 122 = -626. Let d(l) = l**3 - 16*l**2 - 7*l + 19. Let m be d(17). Calculate the highest common divisor of m and x.
63
Suppose 5*u - 350 + 35 = 0. Suppose 0 = 610*r - 128758 - 89012. What is the highest common divisor of u and r?
21
Suppose -4*f + 7604 = 2*y, 0 = 17*f - 12*f + 3*y - 9503. What is the greatest common factor of 11 and f?
11
Suppose -2*c - 256 - 84 = 0. Let z = -89 - c. Calculate the greatest common divisor of 27 and z.
27
Suppose -33*o - 44*o + 1512 = 7*o. What is the highest common divisor of 6651 and o?
9
Let m = 214 - 199. Suppose m*q = 283 + 122. What is the greatest common factor of 135 and q?
27
Suppose -26*d - 13*d = -1677. Let x be 4 + (-2 - -4) + -6 + 172. What is the greatest common divisor of d and x?
43
Suppose l - 3*q = 1050, -127*l + 8561 = -119*l - q. What is the highest common divisor of l and 1386?
63
Let c(o) = -198*o + 8. Let q be c(-3). Suppose 7*u + 7 = -q. Let z = u + 149. Calculate the greatest common divisor of z and 31.
31
Let j(l) = 14*l**2 - 23*l - 46. Let m be j(5). What is the greatest common divisor of m and 1161?
27
Let t(x) = 7*x - 1. Let w be t(-1). Let s = w + 19. Let j = 617478 - 617477. What is the highest common divisor of s and j?
1
Let u(l) = -26*l**2 - 760*l + 58. Let a be u(-27). Calculate the highest common divisor of 348 and a.
116
Suppose -15*u - 165 = -0*u. Let d(s) = 2*s**2 + 18*s + 20. Let r be d(u). What is the greatest common divisor of 160 and r?
32
Suppose -107*n + 2640 = -2496. Calculate the highest common factor of n and 480.
48
Let m(b) = -b**2 - 6*b - 81. Let h be m(0). Let p = 85 + h. Calculate the highest common divisor of 8 and p.
4
Suppose -173*i - 37*i + 2730 = 0. What is the highest common factor of 28236 and i?
13
Suppose 3*u + 2*y - 13 = -2*y, 5*y + 4 = 3*u. Let g = -1032 + 1062. Suppose -78 = -2*i - q, i - 9 - g = -u*q. What is the highest common factor of i and 195?
39
Let s = -88 - -144. Let v = 131 + -107. Let p be 42/4*v/18*1. Calculate the greatest common factor of s and p.
14
Let p be (-36)/4*(-1 - 2). Let z = -12 + p. Suppose 0 = -35*i + 2400 + 3375. What is the greatest common divisor of i and z?
15
Let y(b) = 11712*b**2 + 10*b + 2. Let w be y(1). What is the highest common factor of w and 72?
12
Suppose 4*p + 3*n = 44 + 34, -2*p + n = -34. Let f(s) = 5*s**2 - 1. Let c be f(1). Suppose c*q + 12 = 6*q. Calculate the highest common divisor of p and q.
6
Suppose r = -5, -4*h + 337 + 582 = 5*r. Suppose 